 = 2*y**2 - 5*y - 7. Let h be c(5). Let j = h - 6. What is the remainder when w is divided by j?
9
Let i(q) = q**2 - q - 8. Let u = -24 - 18. Let f = u - -107. Calculate the remainder when f is divided by i(-6).
31
Let a = 179 + -101. What is the remainder when 449 is divided by a?
59
Let l = 159 - 78. Calculate the remainder when l is divided by 42.
39
Let t = 17 + -22. Let l be 2/t - (-2)/5. Let m(f) = -2*f + 14. Calculate the remainder when 68 is divided by m(l).
12
Let v(g) = -g**3 + 10*g**2 - 13*g + 17. Let w be v(9). Let b be ((-4)/(-10))/(2/170). Let m = b + w. Calculate the remainder when m is divided by 8.
7
Let q be 5/(-2*(-3)/(-12)). What is the remainder when 33 is divided by (0 - -25)*(-3)/(75/q)?
3
Suppose 4 = -f - 8. Let x = 62 + f. Let m = 429 - 416. What is the remainder when x is divided by m?
11
What is the remainder when (-93090)/(-165) + -3*4/66 is divided by 27?
24
Calculate the remainder when 467 is divided by (-33)/(4 + -7 - -2) + -5.
19
What is the remainder when 2/(805/(-265) - -3)*-3 is divided by 23?
21
Suppose -5 = -t + 9. Suppose 3*o + 86 = -61. Calculate the remainder when (-2632)/o - (-4)/14 is divided by t.
12
Let o(d) = -20*d + 140. What is the remainder when 115 is divided by o(6)?
15
Let h(j) = -j**3 - 3*j**2 + 14*j + 14. Let l be h(-6). Calculate the remainder when l*(4 + -8 - -5) is divided by 8.
6
Suppose 0*k = 2*r - 2*k - 130, k + 3 = 0. Calculate the remainder when r is divided by -2 - -5 - 42/(-3).
11
What is the remainder when 735 is divided by 123*(70/(-21))/(-5)?
79
Let y(q) = q - 7. Let n be y(7). What is the remainder when 47 - ((-4)/2 - n) is divided by 2875/225 + 6/27?
10
Let b be (-36)/(-14) - (-12)/(-21). Let g(w) = -3*w + 1. Let o be g(b). What is the remainder when 4/(-10) + (-162)/o is divided by 17?
15
Let p(d) = 2*d + 5. Let u be p(-15). Let g = -2 - u. Calculate the remainder when g is divided by 12.
11
Suppose 190*j + 361*j - 11414 = 112*j. Calculate the remainder when (-1)/((2/(-155))/2) is divided by j.
25
Suppose 3*a + 6 = -5*q, -a - 5*q - 3 = 3*a. Suppose 5*z = a*l - 159, 0*z = -4*z. What is the remainder when l is divided by 8?
5
Let x(y) = 2 + 0*y - 12*y**2 + y + 14*y**2. Suppose -4*c + 3*c = 4*h - 21, -2*c = 6. What is the remainder when x(-3) is divided by h?
5
Let a = -26 - -28. Suppose 5*o - a*p - 9 - 7 = 0, o - 14 = -5*p. Suppose -2*f + 16 = o. Calculate the remainder when f is divided by 4.
2
Let c(t) = t**3 + 13*t**2 - 16*t - 23. Let q be c(-14). Suppose 0 = -q*j, -5*f + 2*j + 4 = -3*f. Calculate the remainder when f is divided by 2.
0
Let m(a) = 7 - 6*a - 1 + 3 - a**2. Let p be m(-7). Suppose -2*d = p*d - 48. Calculate the remainder when 35 is divided by d.
11
Suppose -4*q - i - 3*i + 196 = 0, 0 = 2*i - 8. What is the remainder when q is divided by ((-12)/(-5))/((-1)/(-5))?
9
Let s = -155 - -159. Suppose 5*o = -0*h - 5*h + 280, -h = s*o - 233. What is the remainder when o is divided by 15?
14
Let f(v) = 3*v**2 - v - 10. Suppose r + 2*o - 4*o - 45 = 0, 0 = -3*r - o + 100. What is the remainder when f(-6) is divided by r?
34
Let g = -155 - -366. What is the remainder when g is divided by 60?
31
Let x = 12 - 10. Suppose 0 = -2*y + s + x, -y + 4*y + 2*s - 17 = 0. Calculate the remainder when 4/24 - 195/(-18) is divided by y.
2
Suppose -2*i = -6*i - w - 32, 2*w + 8 = -i. Let d = i + 9. Let z = 19 - d. Calculate the remainder when 33 is divided by z.
15
Let z(r) = r**3 + 8*r**2 + 13*r + 2. Let y be z(-6). Calculate the remainder when 1 + (y + -48)/(-4) is divided by 8.
6
Let i = 41 - 29. What is the remainder when 30 is divided by i?
6
Let s be (-3)/(-2)*(5 - 3). Suppose s - 13 = -5*d. Calculate the remainder when (-6)/(-4)*((-48)/(-9))/2 is divided by d.
0
Suppose 0 = -z - 3*z. Suppose 0 = -2*i, 0 = -r + 2*i - z*i + 9. Suppose 0 = -54*q + 48*q + 192. Calculate the remainder when q is divided by r.
5
Suppose 664 = 4*r - 3*f, -3*r + 289 = f - 196. What is the remainder when r is divided by 19?
11
Let f(x) = x**2 + 8*x - 63. What is the remainder when f(15) is divided by 61?
38
Let y(p) = -4*p - 13. Let w(g) = g**3 - 6*g**2 + 7*g. Let v be w(4). What is the remainder when 10 is divided by y(v)?
1
Suppose -3*c + 5*x + 117 = 0, -2*x = 2*c - 0*x - 62. Calculate the remainder when 336 is divided by c.
30
Let i(w) = -29*w**2 + 2*w - 3. Let b be i(2). Let d = -60 - b. Calculate the remainder when d is divided by 20.
15
Let q(x) = x**3 + 16*x**2 + 20*x - 3. Let n be q(-14). Suppose -3*t + 62 = -n. Calculate the remainder when 454 is divided by t.
55
Suppose 57*f - 2734 = -568. Let l = 90 + 97. Calculate the remainder when l is divided by f.
35
Let b = 13 + -10. Let j be 2/(-7) - (-12)/42. Suppose j = 8*s - 3*s - 20. What is the remainder when s is divided by b?
1
Suppose 4*t = q + 16, 5*q - 5*t + 5 = -15. Let j(r) = 21*r**3 - r**2 - r + 1. Let h be j(1). Let d = h + q. Calculate the remainder when 38 is divided by d.
18
Let p = 1 + 1. Calculate the remainder when 87/(-116)*8*1*-6 is divided by -2 + p + 15 + -2.
10
Suppose -5*t = 5*k - 1277 + 227, 3*k = -4*t + 840. What is the remainder when t is divided by 56?
42
Suppose 36 = -2*h + 5*h. Let r = 2 + 1. Suppose 4*k + 2*n - 92 = 0, 0 = 4*k + 2*n - r*n - 80. Calculate the remainder when k is divided by h.
9
Let r(v) = 10*v. Suppose 3*h + 9 = 5*g, 3*g = 2*h - 2 + 7. Let o be r(g). Let c = o + -11. Calculate the remainder when 56 is divided by c.
18
Let z(w) = -w**3 + 6*w**2 - 2*w - 6. Let y be z(3). Suppose 2*d - 168 = -d. Calculate the remainder when d is divided by (-6)/(-10) + 3 + 231/y.
18
Suppose 0*t - 5*t = -20. Suppose -4*f + 5*f = -9*f. Suppose f = -15*b - 11 + 41. Calculate the remainder when t is divided by b.
0
Suppose h = -3*t + 249, 1 + 11 = -4*h. Calculate the remainder when t is divided by 29.
26
Suppose 8*y = 65 - 9. Let x(c) = c**2 - c + 8. Let o be x(7). Let q = o - 18. What is the remainder when q is divided by y?
4
Suppose 0 = -8*u + 4*u - 2*n + 74, 0 = -5*u - 3*n + 90. Calculate the remainder when 87 is divided by u.
3
Suppose 3146 = -113*i + 124*i. What is the remainder when i is divided by 95?
1
Let u(h) = -h**2 + 5*h + 92. Calculate the remainder when (-179)/(-4) + 3/12 is divided by u(12).
5
Let v(u) = -u**3 - u + 7. What is the remainder when v(-3) is divided by 26?
11
Let l = 2 + 4. Let z be 1 - 0 - (-126)/(-3). Let o = z - -58. What is the remainder when o is divided by l?
5
Suppose 0 = -3*w + 7*w + 4*l - 540, 5*w - 4*l - 711 = 0. What is the remainder when w is divided by 29?
23
Suppose 112 = 2*l - 180. What is the remainder when l is divided by 69?
8
Let d(y) = -23*y**3 + y + 1. Let z be d(-1). Let g = 38 - z. Calculate the remainder when ((-49)/14 + -1)*-6 is divided by g.
12
Let u(h) = h**3 + 14*h**2 - 2*h - 8. Let r = 200 + -163. Calculate the remainder when r is divided by u(-14).
17
Suppose -2*f - 3*n + 3 = -4, f + 5*n = 0. Suppose -f*d + 10 = 0, -2*d = -2*l - 3*d + 24. What is the remainder when 51 is divided by l?
7
Suppose -2*k - 64 = -4*a, 3*a + 5*k - 10*k = 62. Calculate the remainder when (1390/40)/(2/8) is divided by a.
13
Suppose 5*p - 5*z - 664 = 2*p, -2*p - 2*z = -448. Suppose 4*s - p = 41. Suppose 3*w - 61 = -10. What is the remainder when s is divided by w?
15
Let u = 752 - 731. What is the remainder when 188 is divided by u?
20
Let f be (-14 - 1)*(-72)/15. Suppose -f = 4*v - 292. What is the remainder when v is divided by 14?
13
Let q = 759 + -609. What is the remainder when 581 is divided by q?
131
Let d be -5 + 1 - 28/(-4). Suppose f = -3*o + 13, -8 = -7*o + d*o. What is the remainder when 9 is divided by f?
2
Suppose 0 = -4*k + 9*k - 120. What is the remainder when k is divided by 15?
9
Suppose 0 = 148*i - 151*i + 432. What is the remainder when i is divided by 5?
4
Let j be ((-12)/18)/((-8)/108). Let w(v) = v**3 - 10*v**2 + 10*v + 3. What is the remainder when 57 is divided by w(j)?
9
Calculate the remainder when (252/10)/((-7)/((-1260)/27)) is divided by 45.
33
Suppose -4*i - 4*s - 64 = 0, 4*i - 3*s = 3*i - 28. Let u = 23 + i. Let h = -5 - -15. Calculate the remainder when h is divided by u.
2
Suppose -x + 3*f - 2*f + 6 = 0, -2*f + 4 = 0. Let w be (-55)/(-2) - (-4)/x. Suppose 3 = -5*d + w. Calculate the remainder when 18 is divided by d.
3
Let d(i) = -i. Let x be d(-1). Let o = 27 - x